 2) to base 8
-325625
Convert aba781 (base 12) to base 4.
22123223101
110001110011110010000 (base 2) to base 12
668640
What is -52a52b (base 14) in base 8?
-12521653
697884 (base 11) to base 6
35431420
16c153 (base 14) to base 15
10c747
1091640 (base 11) to base 14
378583
Convert -10102021000 (base 3) to base 2.
-10000011010111001
Convert 3013462 (base 7) to base 8.
1270411
Convert 30a4692 (base 11) to base 14.
a24616
-6646886 (base 9) to base 3
-20201120222220
What is 1504904 (base 11) in base 8?
11665301
What is -36423747 (base 8) in base 13?
-1873b5c
What is -213343 (base 5) in base 16?
-1cb4
520848 (base 9) to base 2
1001011011101000011
Convert -12002441 (base 5) to base 3.
-12120112200
-200011303 (base 4) to base 5
-13201233
-20200202200 (base 3) to base 11
-90009
-d78908 (base 14) to base 9
-14632220
Convert -124447 (base 9) to base 5.
-4403304
2098239 (base 11) to base 13
9c087b
What is 145555542 (base 7) in base 10?
9745248
What is 21bc5 (base 13) in base 7?
343555
What is -360005 (base 7) in base 4?
-33311000
What is -12021010201 (base 3) in base 16?
-194c2
What is 2a82ab (base 14) in base 4?
11221320333
What is 7a36d (base 14) in base 5?
34001122
What is 10a791 (base 12) in base 11?
172856
What is -227762 (base 9) in base 5?
-13340241
-26907 (base 10) to base 15
-7e8c
Convert 4970a (base 16) to base 2.
1001001011100001010
What is -111201010011212 (base 3) in base 11?
-4126393
2423123 (base 5) to base 15
d6c8
Convert 3406410 (base 8) to base 14.
19d824
What is -3025361 (base 7) in base 16?
-57ce6
b5d12c (base 16) to base 11
67a9381
What is -3513846 (base 9) in base 4?
-13033213332
212110010222 (base 3) to base 14
c02cc
Convert -782a62 (base 11) to base 3.
-2100102111222
Convert -100000000110110 (base 2) to base 6.
-204034
Convert -233012314 (base 5) to base 12.
-433517
Convert 3d1090 (base 14) to base 5.
1020201000
-39e3 (base 15) to base 2
-11000001001011
102341011 (base 6) to base 9
3345367
Convert 14301326 (base 7) to base 2.
101001000011000101110
Convert 1211311313 (base 4) to base 9.
705182
218312 (base 10) to base 16
354c8
Convert 101001012211212 (base 3) to base 4.
110113103303
Convert 3a78 (base 12) to base 9.
10182
Convert -3312311 (base 5) to base 15.
-11e3b
-188040 (base 13) to base 14
-121009
Convert 10401 (base 12) to base 11.
15016
Convert -c86c (base 13) to base 16.
-6c9e
What is -7844787 (base 9) in base 3?
-21221111212221
-229407 (base 12) to base 15
-ae7d1
What is -344444443 (base 5) in base 16?
-17d782
Convert 21454225 (base 7) to base 10.
1845457
What is 1050262 (base 11) in base 7?
21453142
11233222 (base 5) to base 7
604200
Convert -66500 (base 7) to base 5.
-1013314
-8343216 (base 9) to base 8
-21001503
What is 110696 (base 16) in base 3?
2002200120212
Convert -107650 (base 8) to base 10.
-36776
Convert 5124342 (base 6) to base 5.
30312041
Convert 916c (base 15) to base 11.
21081
-321334410 (base 5) to base 7
-14344126
What is -17b45 (base 16) in base 11?
-66a47
-110001110110000100101 (base 2) to base 10
-1633317
bab192 (base 16) to base 3
212000121110212
2031320043 (base 5) to base 11
239671a
Convert 10010010011001100 (base 2) to base 9.
123734
What is 1504671 (base 8) in base 15?
86e4d
What is -2541b (base 12) in base 16?
-c617
10012011020 (base 3) to base 9
105136
What is 1122253552 (base 6) in base 14?
1919192
Convert -253303235 (base 6) to base 8.
-22617107
What is 100010000101000011 (base 2) in base 8?
420503
What is 217bb46 (base 12) in base 5?
3113332343
What is 11443603 (base 9) in base 5?
2412021101
What is 6235351 (base 7) in base 14?
156b61
Convert -11bb7a (base 15) to base 9.
-1534527
What is 15b4c (base 16) in base 3?
11111221220
What is -488032 (base 9) in base 8?
-1077221
What is 4a9634 (base 11) in base 12?
328aa4
Convert -50149 (base 15) to base 9.
-425556
2764ba (base 13) to base 7
11062462
Convert -13133320330 (base 4) to base 6.
-110044044
-633008 (base 11) to base 12
-40ab32
Convert 12a6318 (base 11) to base 2.
1000100100111011111001
-c843 (base 16) to base 5
-3120032
What is -10000111111001 (base 2) in base 3?
-102221010
-444a6 (base 13) to base 15
-26a64
Convert -21107c (base 15) to base 13.
-430bba
Convert 32c313 (base 14) to base 16.
1a4dbd
Convert -1312203112 (base 5) to base 11.
-1914043
What is -21b875 (base 15) in base 11?
-9a9471
What is -12012022120012 (base 3) in base 13?
-75914c
Convert -42243234 (base 5) to base 3.
-122221011000
-100001001000010011 (base 2) to base 10
-135699
-115c3d (base 16) to base 3
-2010210122222
Convert -210111001222211 (base 3) to base 7.
-166022305
Convert -2042031433 (base 5) to base 13.
-b5b560
Convert 1001001101011110001011 (base 2) to base 6.
123430043
Convert 113225605 (base 7) to base 2.
11010101000100001011001
What is -23033100 (base 4) in base 11?
-31648
Convert 304234 (base 6) to base 4.
11323132
-1312533324 (base 6) to base 7
-246013453
What is 2000020112 (base 3) in base 13?
14cc9
Convert -2245 (base 7) to base 13.
-4ab
What is -3762b (base 13) in base 11?
-6a7a0
-caa53 (base 14) to base 2
-1110111101111100001
Convert 1af3f2 (base 16) to base 3.
10022202000201
Convert -3ac89 (base 13) to base 5.
-12003134
Convert 131a2 (base 11) to base 6.
223203
14232413 (base 7) to base 6
44344252
What is 1002110101121 (base 3) in base 9?
1073347
Convert -100101100101101 (base 2) to base 16.
-4b2d
80a0c (base 14) to base 7
2425515
-689216 (base 10) to base 7
-5600243
What is 502a4 (base 15) in base 10?
253729
-63c86 (base 16) to base 13
-114053
46060c (base 15) to base 16
330114
Convert -552c5 (base 16) to base 11.
-219124
What is -1245467 (base 8) in base 12?
-148933
13908e (base 15) to base 6
32103555
Convert -971507 (base 12) to base 14.
-461d0b
What is 1135403352 (base 6) in base 15?
11e10b2
Convert -1111111110010001100101 (base 2) to base 8.
-17762145
Convert 12139 (base 14) to base 7.
242502
Convert 4065262 (base 9) to base 13.
5ac338
Convert 232021 (base 5) to base 7.
33310
-4057623 (base 8) to base 3
-2000111221100
Convert 83ba4b (base 14) to base 15.
5cd801
-292a674 (base 11) to base 14
-9513ac
103032 (base 7) to base 3
220111110
What is -12321123 (base 5) in base 16?
-1d563
138bb33 (base 12) to base 6
215555303
-1034334 (base 7) to base 8
-366674
What is -1010010101110001100 (base 2) in base 10?
-338828
Convert -161281 (base 14) to base 12.
-312615
1010010001011110101010 (base 2) to base 4
22101132222
3a087 (base 15) to base 5
21421002
What is 5451231 (base 6) in base 13?
96574
What is 123243302 (base 5) in base 10?
602952
What is 111202211121 (base 3) in base 10?
271069
What is -2206435 (base 7) in base 14?
-70b8c
What is 110011100000100010001 (base 2) in base 13?
471319
Convert -4469584 (base 10) to base 15.
-5d44c4
Convert -20212102202200 (base 3) to base 10.
-3649932
What is 110222201101101 (base 3) in base 13?
157912c
Convert -12035564 (base 7) to base 8.
-4046022
-2103030 (base 5) to base 10
-34765
-120011211210200 (base 3) to base 16
-7b179a
Convert 2133113102 (base 4) to base 7.
5356034
What is 3311103 (base 4) in base 13?
71b8
What is 24053333 (base 6) in base 4?
2320001121
Convert -15327011 (base 8) to base 14.
-6780ad
What is -172773 (base 9) in base 15?
-21acc
Convert -254045556 (base 7) to base 11.
-9117389
What is 7130d (base 15) in base 2?
1010111100000100110
3c86c5 (base 13) to base 14
2a5950
Convert 1525430 (base 6) to base 14.
247d8
Convert -8d0c (base 16) to base 10.
-36108
Convert -11120220122022 (base 3) to base 10.
-2438972
9dbd9 (base 14) to base 15
78a93
What is 202323333 (base 5) in base 13?
22ab44
Convert 3ea8c (base 16) to base 6.
5300112
What is 148958 (base 11) in base 4?
320133313
-6438a (base 12) to base 5
-13204431
Convert 36861 (base 13) to base 4.
120133020
What is 59491 (base 10) in base 2?
1110100001100011
Convert 2025a87 (base 12) to base 14.
b2b2ab
What is -1c7ce9 (base 16) in base 3?
-10111212000121
Convert -3b345 (base 13) to base 4.
-122331032
What is 144241254 (base 6) in base 12?
101022a
Convert -2220233310 (base 4) to base 11.
-432333
What is 36936 (base 15) in base 16?
2a879
What is -23b70 (base 16) in base 2?
-100011101101110000
Convert 50340450 (base 6) to base 7.
15066222
Convert 201222102102 (base 3) to base 11.
2494a0
What is -307760 (base 9) in base 10?
-182871
What is 316088 (base 16) in bas